{"id":18562,"date":"2020-10-07T15:55:33","date_gmt":"2020-10-07T18:55:33","guid":{"rendered":"https:\/\/albaenergia.com.br\/albaenergia\/?page_id=18562"},"modified":"2020-10-21T17:58:24","modified_gmt":"2020-10-21T20:58:24","slug":"politica-de-privacidade","status":"publish","type":"page","link":"https:\/\/albaenergia.com.br\/albaenergia\/politica-de-privacidade\/","title":{"rendered":"Pol\u00edtica de Privacidade"},"content":{"rendered":"<div class=\"politicaPrivacidade\">\n<div class=\"container\">\n<div class=\"row\">\n<div class=\"col-md-12\">\n<p>1. O Usu\u00e1rio desde j\u00e1 autoriza o albaenergia.com.br, a seu crit\u00e9rio, preservar, armazenar todos os seus dados pessoais, cadastrais e de acesso, a exemplo de endere\u00e7os de e-mail, endere\u00e7os de IP (Internet Protocol), informa\u00e7\u00f5es de data e hor\u00e1rio de acesso, entre outras informa\u00e7\u00f5es. O Usu\u00e1rio tamb\u00e9m autoriza o albaenergia.com.br a informar e\/ou divulgar estes dados em caso de exig\u00eancia legal ou se razoavelmente necess\u00e1rias para: cumprir com o devido processo legal e\/ou fazer cumprir estes termos e condi\u00e7\u00f5es.<\/p>\n<p>2. O albaenergia.com.br poder\u00e1 utilizar empresas de processamento de dados online terceirizadas, assim como empresas para monitorar o tr\u00e1fego do site, que, em alguns casos, poder\u00e3o armazenar e coletar informa\u00e7\u00f5es e dados do Usu\u00e1rio.<\/p>\n<p>3. A utiliza\u00e7\u00e3o do Site implica no consentimento do Usu\u00e1rio para coleta, armazenamento e uso das informa\u00e7\u00f5es pessoais fornecidas, cadastrais, de acesso e suas atualiza\u00e7\u00f5es.<\/p>\n<p>4. O albaenergia.com.br poder\u00e1 utilizar cookies para administrar as sess\u00f5es, navega\u00e7\u00f5es, acessos e cadastros dos Usu\u00e1rios e armazenar prefer\u00eancias, rastrear informa\u00e7\u00f5es, entre outros. Cookies poder\u00e3o ser utilizados independentemente de cadastro do Usu\u00e1rio.<\/p>\n<p>4.1. \u201cCookies\u201d s\u00e3o pequenos arquivos de texto transferidos via servidor para o disco r\u00edgido e armazenados no computador do Usu\u00e1rio que podem coletar informa\u00e7\u00f5es como data e hor\u00e1rio de acesso, hist\u00f3rico de navega\u00e7\u00e3o, prefer\u00eancias e nome do usu\u00e1rio.<\/p>\n<p>4.2. Em alguns casos, prestadores de servi\u00e7os terceirizados poder\u00e3o utilizar cookies no site, que o albaenergia.com.br n\u00e3o controla nem acessa. Tais cookies n\u00e3o s\u00e3o regulados por estes Termos e Condi\u00e7\u00f5es.<\/p>\n<p>5. O Usu\u00e1rio tem a op\u00e7\u00e3o de aceitar ou recusar o uso de cookies em seu computador, independente de cadastro no Site, configurando seu navegador como desejar. A recusa do uso de cookies pode, contudo, resultar na limita\u00e7\u00e3o do acesso do Usu\u00e1rio a certas ferramentas dispon\u00edveis no Site, dificuldades no login e na ferramenta de coment\u00e1rios.<\/p>\n<p>6. Considerando que o albaenergia.com.br poder\u00e1 realizar parcerias com terceiros, eventualmente estes poder\u00e3o coletar informa\u00e7\u00f5es de usu\u00e1rios como endere\u00e7o IP, especifica\u00e7\u00e3o do navegador e sistema operacional. Estes termos e condi\u00e7\u00f5es n\u00e3o se aplicam \u00e0s informa\u00e7\u00f5es pessoais fornecidas aos terceiros e por eles armazenadas e utilizadas.<\/p>\n<p>7. O Site poder\u00e1, eventualmente, conter links para sites de terceiros. O albaenergia.com.br n\u00e3o se responsabiliza pelo conte\u00fado ou pela seguran\u00e7a das informa\u00e7\u00f5es do Usu\u00e1rio quando acessar sites de terceiros. Tais sites podem possuir suas pr\u00f3prias pol\u00edticas de privacidade quanto ao armazenamento e conserva\u00e7\u00e3o de informa\u00e7\u00f5es pessoais, completamente alheias \u00e0 albaenergia.com.br.<\/p>\n<p>8. O albaenergia.com.br poder\u00e1 trabalhar com empresas terceirizadas de propaganda para a divulga\u00e7\u00e3o de an\u00fancios durante seu acesso ao Site. Tais empresas poder\u00e3o coletar informa\u00e7\u00f5es sobre as visitas de Usu\u00e1rios ao site, no intuito de fornecer an\u00fancios personalizados sobre bens e servi\u00e7os do interesse do Usu\u00e1rio. Tais informa\u00e7\u00f5es n\u00e3o incluem nem incluir\u00e3o nome, endere\u00e7o ou n\u00famero de telefone do Usu\u00e1rio.<\/p>\n<p>9. O albaenergia.com.br se reserva o direito de reter informa\u00e7\u00f5es pelo per\u00edodo que entender necess\u00e1rio para o bom cumprimento de seus neg\u00f3cios, mesmo ap\u00f3s o cancelamento do cadastro do Usu\u00e1rio.<\/p>\n<p>10. O Usu\u00e1rio desde j\u00e1 declara estar ciente de que o albaenergia.com.br n\u00e3o assume nenhuma responsabilidade em caso de roubo, perda, altera\u00e7\u00e3o ou uso indevido de suas informa\u00e7\u00f5es pessoais e do conte\u00fado como um todo, inclusive na hip\u00f3tese de informa\u00e7\u00f5es fornecidas a prestadores de servi\u00e7os terceirizados ou a outros Usu\u00e1rios e na hip\u00f3tese de descumprimento destes termos e condi\u00e7\u00f5es por prestadores de servi\u00e7os terceirizados.<\/p>\n<p>11. O albaenergia.com.br \u00e9 contra o envio de e-mails sem autoriza\u00e7\u00e3o (conhecidos como SPAM). Dessa forma, o albaenergia.com.br enviar\u00e1 e-mails apenas aos usu\u00e1rios que voluntariamente se cadastrarem em nossa newsletter, nos autorizando a enviar e-mails de qualquer natureza. O usu\u00e1rio poder\u00e1 solicitar o cancelamento deste servi\u00e7o a qualquer momento por meio de um link disponibilizado nos e-mails recebidos, pelo e-mail  contato@albaenergia.com.br. No entanto, ap\u00f3s requisitar o cancelamento o albaenergia.com.br poder\u00e1 levar at\u00e9 sete dias \u00fateis para processar sua solicita\u00e7\u00e3o.<\/p>\n<p>12. O albaenergia.com.br pode fazer uso de softwares e ferramentas de an\u00e1lise e mapeamento que apresenta como os usu\u00e1rios navegam nas p\u00e1ginas do nosso site atrav\u00e9s do registro de seus movimentos de mouse e quais \u00e1reas das p\u00e1ginas do nosso site os usu\u00e1rios est\u00e3o clicando.<\/p>\n<p>13. Todas as ferramentas e pr\u00e1ticas utilizadas no monitoramento do site albaenergia.com.br visam exclusivamente melhorar o servi\u00e7o oferecido sob os aspectos de facilidade, recursos, servi\u00e7os e seguran\u00e7a.<\/p>\n<\/p><\/div>\n<\/p><\/div>\n<\/p><\/div>\n<\/div>\n","protected":false},"excerpt":{"rendered":"<p>1. O Usu\u00e1rio desde j\u00e1 autoriza o albaenergia.com.br, a seu crit\u00e9rio, preservar, armazenar todos os seus dados pessoais, cadastrais e de acesso, a exemplo de endere\u00e7os de e-mail, endere\u00e7os de IP (Internet Protocol), informa\u00e7\u00f5es de data e hor\u00e1rio de acesso, entre outras informa\u00e7\u00f5es. O Usu\u00e1rio tamb\u00e9m autoriza o albaenergia.com.br a informar e\/ou divulgar estes dados [&hellip;]<\/p>\n","protected":false},"author":7,"featured_media":0,"parent":0,"menu_order":0,"comment_status":"closed","ping_status":"closed","template":"","meta":{"footnotes":""},"irradiacao":[],"yoast_head":"<!-- This site is optimized with the Yoast SEO plugin v23.5 - https:\/\/yoast.com\/wordpress\/plugins\/seo\/ -->\n<title>Pol\u00edtica de Privacidade - ALBA<\/title>\n<meta name=\"robots\" content=\"noindex, follow, max-snippet:-1, max-image-preview:large, max-video-preview:-1\" \/>\n<meta property=\"og:locale\" content=\"pt_BR\" \/>\n<meta property=\"og:type\" content=\"article\" \/>\n<meta property=\"og:title\" content=\"Pol\u00edtica de Privacidade - ALBA\" \/>\n<meta property=\"og:description\" content=\"1. O Usu\u00e1rio desde j\u00e1 autoriza o albaenergia.com.br, a seu crit\u00e9rio, preservar, armazenar todos os seus dados pessoais, cadastrais e de acesso, a exemplo de endere\u00e7os de e-mail, endere\u00e7os de IP (Internet Protocol), informa\u00e7\u00f5es de data e hor\u00e1rio de acesso, entre outras informa\u00e7\u00f5es. O Usu\u00e1rio tamb\u00e9m autoriza o albaenergia.com.br a informar e\/ou divulgar estes dados [&hellip;]\" \/>\n<meta property=\"og:url\" content=\"https:\/\/albaenergia.com.br\/albaenergia\/politica-de-privacidade\/\" \/>\n<meta property=\"og:site_name\" content=\"ALBA\" \/>\n<meta property=\"article:publisher\" content=\"https:\/\/www.facebook.com\/albaenergia\/\" \/>\n<meta property=\"article:modified_time\" content=\"2020-10-21T20:58:24+00:00\" \/>\n<meta name=\"twitter:card\" content=\"summary_large_image\" \/>\n<meta name=\"twitter:label1\" content=\"Est. tempo de leitura\" \/>\n\t<meta name=\"twitter:data1\" content=\"4 minutos\" \/>\n<script type=\"application\/ld+json\" class=\"yoast-schema-graph\">{\"@context\":\"https:\/\/schema.org\",\"@graph\":[{\"@type\":\"WebPage\",\"@id\":\"https:\/\/albaenergia.com.br\/albaenergia\/politica-de-privacidade\/\",\"url\":\"https:\/\/albaenergia.com.br\/albaenergia\/politica-de-privacidade\/\",\"name\":\"Pol\u00edtica de Privacidade - ALBA\",\"isPartOf\":{\"@id\":\"https:\/\/albaenergia.com.br\/albaenergia\/#website\"},\"datePublished\":\"2020-10-07T18:55:33+00:00\",\"dateModified\":\"2020-10-21T20:58:24+00:00\",\"breadcrumb\":{\"@id\":\"https:\/\/albaenergia.com.br\/albaenergia\/politica-de-privacidade\/#breadcrumb\"},\"inLanguage\":\"pt-BR\",\"potentialAction\":[{\"@type\":\"ReadAction\",\"target\":[\"https:\/\/albaenergia.com.br\/albaenergia\/politica-de-privacidade\/\"]}]},{\"@type\":\"BreadcrumbList\",\"@id\":\"https:\/\/albaenergia.com.br\/albaenergia\/politica-de-privacidade\/#breadcrumb\",\"itemListElement\":[{\"@type\":\"ListItem\",\"position\":1,\"name\":\"In\u00edcio\",\"item\":\"https:\/\/albaenergia.com.br\/albaenergia\/\"},{\"@type\":\"ListItem\",\"position\":2,\"name\":\"Pol\u00edtica de Privacidade\"}]},{\"@type\":\"WebSite\",\"@id\":\"https:\/\/albaenergia.com.br\/albaenergia\/#website\",\"url\":\"https:\/\/albaenergia.com.br\/albaenergia\/\",\"name\":\"Alba Energia\",\"description\":\"ALBA\",\"publisher\":{\"@id\":\"https:\/\/albaenergia.com.br\/albaenergia\/#organization\"},\"potentialAction\":[{\"@type\":\"SearchAction\",\"target\":{\"@type\":\"EntryPoint\",\"urlTemplate\":\"https:\/\/albaenergia.com.br\/albaenergia\/?s={search_term_string}\"},\"query-input\":{\"@type\":\"PropertyValueSpecification\",\"valueRequired\":true,\"valueName\":\"search_term_string\"}}],\"inLanguage\":\"pt-BR\"},{\"@type\":\"Organization\",\"@id\":\"https:\/\/albaenergia.com.br\/albaenergia\/#organization\",\"name\":\"Alba Energia\",\"url\":\"https:\/\/albaenergia.com.br\/albaenergia\/\",\"logo\":{\"@type\":\"ImageObject\",\"inLanguage\":\"pt-BR\",\"@id\":\"https:\/\/albaenergia.com.br\/albaenergia\/#\/schema\/logo\/image\/\",\"url\":\"https:\/\/albaenergia.com.br\/albaenergia\/wp-content\/uploads\/2020\/03\/AF_Alba_Logo_PreferencialHorizontal_RGB_Positivo.png\",\"contentUrl\":\"https:\/\/albaenergia.com.br\/albaenergia\/wp-content\/uploads\/2020\/03\/AF_Alba_Logo_PreferencialHorizontal_RGB_Positivo.png\",\"width\":4167,\"height\":2084,\"caption\":\"Alba Energia\"},\"image\":{\"@id\":\"https:\/\/albaenergia.com.br\/albaenergia\/#\/schema\/logo\/image\/\"},\"sameAs\":[\"https:\/\/www.facebook.com\/albaenergia\/\",\"https:\/\/www.instagram.com\/albaenergia\/\",\"https:\/\/www.linkedin.com\/company\/albaenergia\/\"]}]}<\/script>\n<!-- \/ Yoast SEO plugin. -->","yoast_head_json":{"title":"Pol\u00edtica de Privacidade - ALBA","robots":{"index":"noindex","follow":"follow","max-snippet":"max-snippet:-1","max-image-preview":"max-image-preview:large","max-video-preview":"max-video-preview:-1"},"og_locale":"pt_BR","og_type":"article","og_title":"Pol\u00edtica de Privacidade - ALBA","og_description":"1. O Usu\u00e1rio desde j\u00e1 autoriza o albaenergia.com.br, a seu crit\u00e9rio, preservar, armazenar todos os seus dados pessoais, cadastrais e de acesso, a exemplo de endere\u00e7os de e-mail, endere\u00e7os de IP (Internet Protocol), informa\u00e7\u00f5es de data e hor\u00e1rio de acesso, entre outras informa\u00e7\u00f5es. O Usu\u00e1rio tamb\u00e9m autoriza o albaenergia.com.br a informar e\/ou divulgar estes dados [&hellip;]","og_url":"https:\/\/albaenergia.com.br\/albaenergia\/politica-de-privacidade\/","og_site_name":"ALBA","article_publisher":"https:\/\/www.facebook.com\/albaenergia\/","article_modified_time":"2020-10-21T20:58:24+00:00","twitter_card":"summary_large_image","twitter_misc":{"Est. tempo de leitura":"4 minutos"},"schema":{"@context":"https:\/\/schema.org","@graph":[{"@type":"WebPage","@id":"https:\/\/albaenergia.com.br\/albaenergia\/politica-de-privacidade\/","url":"https:\/\/albaenergia.com.br\/albaenergia\/politica-de-privacidade\/","name":"Pol\u00edtica de Privacidade - ALBA","isPartOf":{"@id":"https:\/\/albaenergia.com.br\/albaenergia\/#website"},"datePublished":"2020-10-07T18:55:33+00:00","dateModified":"2020-10-21T20:58:24+00:00","breadcrumb":{"@id":"https:\/\/albaenergia.com.br\/albaenergia\/politica-de-privacidade\/#breadcrumb"},"inLanguage":"pt-BR","potentialAction":[{"@type":"ReadAction","target":["https:\/\/albaenergia.com.br\/albaenergia\/politica-de-privacidade\/"]}]},{"@type":"BreadcrumbList","@id":"https:\/\/albaenergia.com.br\/albaenergia\/politica-de-privacidade\/#breadcrumb","itemListElement":[{"@type":"ListItem","position":1,"name":"In\u00edcio","item":"https:\/\/albaenergia.com.br\/albaenergia\/"},{"@type":"ListItem","position":2,"name":"Pol\u00edtica de Privacidade"}]},{"@type":"WebSite","@id":"https:\/\/albaenergia.com.br\/albaenergia\/#website","url":"https:\/\/albaenergia.com.br\/albaenergia\/","name":"Alba Energia","description":"ALBA","publisher":{"@id":"https:\/\/albaenergia.com.br\/albaenergia\/#organization"},"potentialAction":[{"@type":"SearchAction","target":{"@type":"EntryPoint","urlTemplate":"https:\/\/albaenergia.com.br\/albaenergia\/?s={search_term_string}"},"query-input":{"@type":"PropertyValueSpecification","valueRequired":true,"valueName":"search_term_string"}}],"inLanguage":"pt-BR"},{"@type":"Organization","@id":"https:\/\/albaenergia.com.br\/albaenergia\/#organization","name":"Alba Energia","url":"https:\/\/albaenergia.com.br\/albaenergia\/","logo":{"@type":"ImageObject","inLanguage":"pt-BR","@id":"https:\/\/albaenergia.com.br\/albaenergia\/#\/schema\/logo\/image\/","url":"https:\/\/albaenergia.com.br\/albaenergia\/wp-content\/uploads\/2020\/03\/AF_Alba_Logo_PreferencialHorizontal_RGB_Positivo.png","contentUrl":"https:\/\/albaenergia.com.br\/albaenergia\/wp-content\/uploads\/2020\/03\/AF_Alba_Logo_PreferencialHorizontal_RGB_Positivo.png","width":4167,"height":2084,"caption":"Alba Energia"},"image":{"@id":"https:\/\/albaenergia.com.br\/albaenergia\/#\/schema\/logo\/image\/"},"sameAs":["https:\/\/www.facebook.com\/albaenergia\/","https:\/\/www.instagram.com\/albaenergia\/","https:\/\/www.linkedin.com\/company\/albaenergia\/"]}]}},"_links":{"self":[{"href":"https:\/\/albaenergia.com.br\/albaenergia\/wp-json\/wp\/v2\/pages\/18562"}],"collection":[{"href":"https:\/\/albaenergia.com.br\/albaenergia\/wp-json\/wp\/v2\/pages"}],"about":[{"href":"https:\/\/albaenergia.com.br\/albaenergia\/wp-json\/wp\/v2\/types\/page"}],"author":[{"embeddable":true,"href":"https:\/\/albaenergia.com.br\/albaenergia\/wp-json\/wp\/v2\/users\/7"}],"replies":[{"embeddable":true,"href":"https:\/\/albaenergia.com.br\/albaenergia\/wp-json\/wp\/v2\/comments?post=18562"}],"version-history":[{"count":4,"href":"https:\/\/albaenergia.com.br\/albaenergia\/wp-json\/wp\/v2\/pages\/18562\/revisions"}],"predecessor-version":[{"id":18574,"href":"https:\/\/albaenergia.com.br\/albaenergia\/wp-json\/wp\/v2\/pages\/18562\/revisions\/18574"}],"wp:attachment":[{"href":"https:\/\/albaenergia.com.br\/albaenergia\/wp-json\/wp\/v2\/media?parent=18562"}],"wp:term":[{"taxonomy":"irradiacao","embeddable":true,"href":"https:\/\/albaenergia.com.br\/albaenergia\/wp-json\/wp\/v2\/irradiacao?post=18562"}],"curies":[{"name":"wp","href":"https:\/\/api.w.org\/{rel}","templated":true}]}}