{"id":15368,"date":"2020-02-29T18:45:45","date_gmt":"2020-02-29T21:45:45","guid":{"rendered":"https:\/\/albaenergia.com.br\/albaenergia\/?page_id=15368"},"modified":"2021-11-29T10:45:37","modified_gmt":"2021-11-29T13:45:37","slug":"contato","status":"publish","type":"page","link":"https:\/\/albaenergia.com.br\/albaenergia\/contato\/","title":{"rendered":"Contato"},"content":{"rendered":"","protected":false},"excerpt":{"rendered":"","protected":false},"author":4,"featured_media":0,"parent":0,"menu_order":0,"comment_status":"closed","ping_status":"closed","template":"page-contato.php","meta":{"footnotes":""},"irradiacao":[],"yoast_head":"<!-- This site is optimized with the Yoast SEO plugin v23.5 - https:\/\/yoast.com\/wordpress\/plugins\/seo\/ -->\n<title>Contato - ALBA<\/title>\n<meta name=\"description\" content=\"Fale com a gente para esclarecer suas d\u00favidas e entender mais sobre o sistema de energia solar fotovoltaica. Nossos profissionais entrar\u00e3o em contato assim que poss\u00edvel.\" \/>\n<meta name=\"robots\" content=\"noindex, follow, max-snippet:-1, max-image-preview:large, max-video-preview:-1\" \/>\n<meta property=\"og:locale\" content=\"pt_BR\" \/>\n<meta property=\"og:type\" content=\"article\" \/>\n<meta property=\"og:title\" content=\"Contato - ALBA\" \/>\n<meta property=\"og:description\" content=\"Fale com a gente para esclarecer suas d\u00favidas e entender mais sobre o sistema de energia solar fotovoltaica. Nossos profissionais entrar\u00e3o em contato assim que poss\u00edvel.\" \/>\n<meta property=\"og:url\" content=\"https:\/\/albaenergia.com.br\/albaenergia\/contato\/\" \/>\n<meta property=\"og:site_name\" content=\"ALBA\" \/>\n<meta property=\"article:publisher\" content=\"https:\/\/www.facebook.com\/albaenergia\/\" \/>\n<meta property=\"article:modified_time\" content=\"2021-11-29T13:45:37+00:00\" \/>\n<meta name=\"twitter:card\" content=\"summary_large_image\" \/>\n<script type=\"application\/ld+json\" class=\"yoast-schema-graph\">{\"@context\":\"https:\/\/schema.org\",\"@graph\":[{\"@type\":\"WebPage\",\"@id\":\"https:\/\/albaenergia.com.br\/albaenergia\/contato\/\",\"url\":\"https:\/\/albaenergia.com.br\/albaenergia\/contato\/\",\"name\":\"Contato - ALBA\",\"isPartOf\":{\"@id\":\"https:\/\/albaenergia.com.br\/albaenergia\/#website\"},\"datePublished\":\"2020-02-29T21:45:45+00:00\",\"dateModified\":\"2021-11-29T13:45:37+00:00\",\"description\":\"Fale com a gente para esclarecer suas d\u00favidas e entender mais sobre o sistema de energia solar fotovoltaica. Nossos profissionais entrar\u00e3o em contato assim que poss\u00edvel.\",\"breadcrumb\":{\"@id\":\"https:\/\/albaenergia.com.br\/albaenergia\/contato\/#breadcrumb\"},\"inLanguage\":\"pt-BR\",\"potentialAction\":[{\"@type\":\"ReadAction\",\"target\":[\"https:\/\/albaenergia.com.br\/albaenergia\/contato\/\"]}]},{\"@type\":\"BreadcrumbList\",\"@id\":\"https:\/\/albaenergia.com.br\/albaenergia\/contato\/#breadcrumb\",\"itemListElement\":[{\"@type\":\"ListItem\",\"position\":1,\"name\":\"In\u00edcio\",\"item\":\"https:\/\/albaenergia.com.br\/albaenergia\/\"},{\"@type\":\"ListItem\",\"position\":2,\"name\":\"Contato\"}]},{\"@type\":\"WebSite\",\"@id\":\"https:\/\/albaenergia.com.br\/albaenergia\/#website\",\"url\":\"https:\/\/albaenergia.com.br\/albaenergia\/\",\"name\":\"Alba Energia\",\"description\":\"ALBA\",\"publisher\":{\"@id\":\"https:\/\/albaenergia.com.br\/albaenergia\/#organization\"},\"potentialAction\":[{\"@type\":\"SearchAction\",\"target\":{\"@type\":\"EntryPoint\",\"urlTemplate\":\"https:\/\/albaenergia.com.br\/albaenergia\/?s={search_term_string}\"},\"query-input\":{\"@type\":\"PropertyValueSpecification\",\"valueRequired\":true,\"valueName\":\"search_term_string\"}}],\"inLanguage\":\"pt-BR\"},{\"@type\":\"Organization\",\"@id\":\"https:\/\/albaenergia.com.br\/albaenergia\/#organization\",\"name\":\"Alba Energia\",\"url\":\"https:\/\/albaenergia.com.br\/albaenergia\/\",\"logo\":{\"@type\":\"ImageObject\",\"inLanguage\":\"pt-BR\",\"@id\":\"https:\/\/albaenergia.com.br\/albaenergia\/#\/schema\/logo\/image\/\",\"url\":\"https:\/\/albaenergia.com.br\/albaenergia\/wp-content\/uploads\/2020\/03\/AF_Alba_Logo_PreferencialHorizontal_RGB_Positivo.png\",\"contentUrl\":\"https:\/\/albaenergia.com.br\/albaenergia\/wp-content\/uploads\/2020\/03\/AF_Alba_Logo_PreferencialHorizontal_RGB_Positivo.png\",\"width\":4167,\"height\":2084,\"caption\":\"Alba Energia\"},\"image\":{\"@id\":\"https:\/\/albaenergia.com.br\/albaenergia\/#\/schema\/logo\/image\/\"},\"sameAs\":[\"https:\/\/www.facebook.com\/albaenergia\/\",\"https:\/\/www.instagram.com\/albaenergia\/\",\"https:\/\/www.linkedin.com\/company\/albaenergia\/\"]}]}<\/script>\n<!-- \/ Yoast SEO plugin. -->","yoast_head_json":{"title":"Contato - ALBA","description":"Fale com a gente para esclarecer suas d\u00favidas e entender mais sobre o sistema de energia solar fotovoltaica. Nossos profissionais entrar\u00e3o em contato assim que poss\u00edvel.","robots":{"index":"noindex","follow":"follow","max-snippet":"max-snippet:-1","max-image-preview":"max-image-preview:large","max-video-preview":"max-video-preview:-1"},"og_locale":"pt_BR","og_type":"article","og_title":"Contato - ALBA","og_description":"Fale com a gente para esclarecer suas d\u00favidas e entender mais sobre o sistema de energia solar fotovoltaica. Nossos profissionais entrar\u00e3o em contato assim que poss\u00edvel.","og_url":"https:\/\/albaenergia.com.br\/albaenergia\/contato\/","og_site_name":"ALBA","article_publisher":"https:\/\/www.facebook.com\/albaenergia\/","article_modified_time":"2021-11-29T13:45:37+00:00","twitter_card":"summary_large_image","schema":{"@context":"https:\/\/schema.org","@graph":[{"@type":"WebPage","@id":"https:\/\/albaenergia.com.br\/albaenergia\/contato\/","url":"https:\/\/albaenergia.com.br\/albaenergia\/contato\/","name":"Contato - ALBA","isPartOf":{"@id":"https:\/\/albaenergia.com.br\/albaenergia\/#website"},"datePublished":"2020-02-29T21:45:45+00:00","dateModified":"2021-11-29T13:45:37+00:00","description":"Fale com a gente para esclarecer suas d\u00favidas e entender mais sobre o sistema de energia solar fotovoltaica. Nossos profissionais entrar\u00e3o em contato assim que poss\u00edvel.","breadcrumb":{"@id":"https:\/\/albaenergia.com.br\/albaenergia\/contato\/#breadcrumb"},"inLanguage":"pt-BR","potentialAction":[{"@type":"ReadAction","target":["https:\/\/albaenergia.com.br\/albaenergia\/contato\/"]}]},{"@type":"BreadcrumbList","@id":"https:\/\/albaenergia.com.br\/albaenergia\/contato\/#breadcrumb","itemListElement":[{"@type":"ListItem","position":1,"name":"In\u00edcio","item":"https:\/\/albaenergia.com.br\/albaenergia\/"},{"@type":"ListItem","position":2,"name":"Contato"}]},{"@type":"WebSite","@id":"https:\/\/albaenergia.com.br\/albaenergia\/#website","url":"https:\/\/albaenergia.com.br\/albaenergia\/","name":"Alba Energia","description":"ALBA","publisher":{"@id":"https:\/\/albaenergia.com.br\/albaenergia\/#organization"},"potentialAction":[{"@type":"SearchAction","target":{"@type":"EntryPoint","urlTemplate":"https:\/\/albaenergia.com.br\/albaenergia\/?s={search_term_string}"},"query-input":{"@type":"PropertyValueSpecification","valueRequired":true,"valueName":"search_term_string"}}],"inLanguage":"pt-BR"},{"@type":"Organization","@id":"https:\/\/albaenergia.com.br\/albaenergia\/#organization","name":"Alba Energia","url":"https:\/\/albaenergia.com.br\/albaenergia\/","logo":{"@type":"ImageObject","inLanguage":"pt-BR","@id":"https:\/\/albaenergia.com.br\/albaenergia\/#\/schema\/logo\/image\/","url":"https:\/\/albaenergia.com.br\/albaenergia\/wp-content\/uploads\/2020\/03\/AF_Alba_Logo_PreferencialHorizontal_RGB_Positivo.png","contentUrl":"https:\/\/albaenergia.com.br\/albaenergia\/wp-content\/uploads\/2020\/03\/AF_Alba_Logo_PreferencialHorizontal_RGB_Positivo.png","width":4167,"height":2084,"caption":"Alba Energia"},"image":{"@id":"https:\/\/albaenergia.com.br\/albaenergia\/#\/schema\/logo\/image\/"},"sameAs":["https:\/\/www.facebook.com\/albaenergia\/","https:\/\/www.instagram.com\/albaenergia\/","https:\/\/www.linkedin.com\/company\/albaenergia\/"]}]}},"_links":{"self":[{"href":"https:\/\/albaenergia.com.br\/albaenergia\/wp-json\/wp\/v2\/pages\/15368"}],"collection":[{"href":"https:\/\/albaenergia.com.br\/albaenergia\/wp-json\/wp\/v2\/pages"}],"about":[{"href":"https:\/\/albaenergia.com.br\/albaenergia\/wp-json\/wp\/v2\/types\/page"}],"author":[{"embeddable":true,"href":"https:\/\/albaenergia.com.br\/albaenergia\/wp-json\/wp\/v2\/users\/4"}],"replies":[{"embeddable":true,"href":"https:\/\/albaenergia.com.br\/albaenergia\/wp-json\/wp\/v2\/comments?post=15368"}],"version-history":[{"count":11,"href":"https:\/\/albaenergia.com.br\/albaenergia\/wp-json\/wp\/v2\/pages\/15368\/revisions"}],"predecessor-version":[{"id":26546,"href":"https:\/\/albaenergia.com.br\/albaenergia\/wp-json\/wp\/v2\/pages\/15368\/revisions\/26546"}],"wp:attachment":[{"href":"https:\/\/albaenergia.com.br\/albaenergia\/wp-json\/wp\/v2\/media?parent=15368"}],"wp:term":[{"taxonomy":"irradiacao","embeddable":true,"href":"https:\/\/albaenergia.com.br\/albaenergia\/wp-json\/wp\/v2\/irradiacao?post=15368"}],"curies":[{"name":"wp","href":"https:\/\/api.w.org\/{rel}","templated":true}]}}